5
Convert -2424211022 (base 5) to base 3.
-101201022101212
Convert 1931f (base 16) to base 14.
29875
What is -106577 (base 9) in base 6?
-1211454
Convert 12452324 (base 6) to base 15.
81d5d
What is a35062 (base 11) in base 7?
20056010
-18628 (base 16) to base 14
-28584
3625992 (base 10) to base 2
1101110101010000001000
What is -9c296 (base 16) in base 11?
-3a762a
-222ce (base 15) to base 8
-324144
Convert 735353 (base 13) to base 15.
383d7e
What is 273502 (base 8) in base 15?
1d6e6
21477 (base 12) to base 3
2020011201
Convert -1a201 (base 16) to base 9.
-172708
-1009995 (base 10) to base 7
-11404410
Convert 30453235 (base 6) to base 16.
d6637
What is -c2652 (base 14) in base 9?
-782537
What is 6e5f5 (base 16) in base 14?
baa7b
2826605 (base 9) to base 7
16126313
2232ac (base 13) to base 11
501166
-695978 (base 16) to base 6
-403551452
What is 37978c (base 14) in base 3?
10120222002000
Convert -62833 (base 10) to base 12.
-30441
Convert -102443525 (base 6) to base 14.
-351901
-46b67 (base 12) to base 3
-11211021121
What is 2101001000112 (base 3) in base 5?
310313310
What is 65b58 (base 15) in base 2?
1001110111001101111
What is -12a3360 (base 14) in base 13?
-1b3090c
Convert 4320004 (base 10) to base 4.
100132230010
-1001000011100000010 (base 2) to base 15
-5cda6
-23504142 (base 6) to base 12
-2b8052
-33020310 (base 5) to base 8
-1047724
Convert -1101122024 (base 5) to base 16.
-24126e
6504937 (base 10) to base 13
1469a9a
124624 (base 7) to base 14
86bb
Convert -95958 (base 10) to base 16.
-176d6
What is 101321 (base 6) in base 5?
224423
10131322212 (base 4) to base 14
226b0a
What is -42087 (base 9) in base 10?
-27781
Convert 424876 (base 11) to base 9.
1245531
Convert -10132011003 (base 4) to base 15.
-1822d9
What is 1221223201 (base 4) in base 12?
18a601
-415530324 (base 6) to base 7
-115555444
Convert b07d38 (base 14) to base 16.
5a9ace
4145433 (base 6) to base 7
1464336
Convert -112320301312 (base 4) to base 5.
-3013442414
Convert 7570677 (base 9) to base 7.
46345012
Convert 14413187 (base 9) to base 14.
d43125
What is -10121311111 (base 4) in base 16?
-119d55
Convert -5421621 (base 9) to base 12.
-b82891
What is -55cb7 (base 13) in base 7?
-1216501
What is 1052234 (base 6) in base 10?
53662
110201212202102 (base 3) to base 6
401024015
What is -57b991 (base 16) in base 2?
-10101111011100110010001
What is -105562231 (base 7) in base 6?
-350143421
What is -b311 (base 15) in base 9?
-56777
Convert 3acb09 (base 15) to base 11.
1661267
103a01 (base 11) to base 10
166255
11011011100100000101 (base 2) to base 13
256466
10302003220 (base 4) to base 15
19b68d
-3410323423 (base 5) to base 4
-130221301021
24403115 (base 8) to base 15
712b60
What is -c9b95 (base 13) in base 16?
-58fc6
1000223122 (base 4) to base 3
111110101221
Convert -2046 (base 14) to base 3.
-21121120
What is -3252560 (base 7) in base 10?
-399539
What is -36815 (base 11) in base 13?
-1b0c9
What is 20434002 (base 5) in base 15?
35a87
What is -312213013 (base 4) in base 5?
-24124222
What is 283159a (base 11) in base 5?
2222034443
101110110001100001000 (base 2) to base 15
2041da
-31311031 (base 5) to base 8
-774055
What is -6db3d (base 15) in base 4?
-1111133032
-28ab824 (base 12) to base 7
-126421024
5ba4be (base 15) to base 12
157782b
4423062 (base 7) to base 2
10000100101111010011
What is -e84d16 (base 16) in base 9?
-31573461
What is -16376302 (base 9) in base 2?
-11111010001110010001100
Convert -202102210012112 (base 3) to base 5.
-10240021131
What is -ee6e8 (base 16) in base 15?
-14457b
298512 (base 11) to base 7
3645041
-1084534 (base 9) to base 11
-371262
-31000312 (base 4) to base 3
-2201010011
Convert -201313231 (base 4) to base 10.
-138733
What is -1632134 (base 7) in base 13?
-7c0c7
What is -3131655 (base 8) in base 10?
-832429
36bbb (base 13) to base 11
69878
What is 11000101101101100 (base 2) in base 9?
163765
3a1a291 (base 11) to base 10
6953486
1020012010012 (base 3) to base 2
10011111011111010110
-10021112120211 (base 3) to base 13
-490309
Convert -3441204431 (base 5) to base 15.
-a334e6
460354 (base 9) to base 13
98737
Convert 3170444 (base 9) to base 12.
69b727
-31631 (base 7) to base 10
-7862
606410 (base 8) to base 11
127248
-330b8 (base 13) to base 14
-2597b
-13201240 (base 5) to base 15
-28e30
Convert -25415 (base 9) to base 15.
-5105
Convert 110001100011001010 (base 2) to base 9.
338354
Convert de18 (base 16) to base 11.
39798
-1055521 (base 7) to base 13
-47bb4
Convert 151064 (base 11) to base 13.
83356
What is 1000111000100011000 (base 2) in base 10?
291096
Convert 1203253 (base 6) to base 8.
172761
3097a11 (base 12) to base 6
524142421
Convert 16307070 (base 8) to base 6.
212502440
What is 49966 (base 14) in base 9?
304177
What is 180c4 (base 13) in base 6?
554201
-9a31a (base 12) to base 2
-110001111001000110
Convert -34222004 (base 5) to base 16.
-4a5f5
133a8 (base 16) to base 5
10010020
What is 593834 (base 10) in base 6?
20421122
Convert 31332223 (base 5) to base 12.
10744b
Convert 841d (base 16) to base 13.
12518
What is -a98678 (base 11) in base 4?
-12230022022
Convert 301345023 (base 6) to base 8.
23406347
Convert 28a40a (base 16) to base 15.
379274
What is -1da6675 (base 14) in base 11?
-8472a91
Convert 2346123 (base 8) to base 15.
ca3db
What is 399027 (base 12) in base 2?
11100111100111011111
What is 7b8b4 (base 12) in base 6?
3313544
10010011010001100100 (base 2) to base 8
2232144
Convert 103233223 (base 4) to base 11.
55843
16749d (base 14) to base 10
788451
What is 139995 (base 15) in base 10?
943790
-75bbb3 (base 13) to base 4
-22203302130
What is 1001651 (base 10) in base 2?
11110100100010110011
-3262fb (base 16) to base 5
-1321132024
Convert 1152022 (base 7) to base 2.
100011111011011011
Convert 1141224 (base 7) to base 9.
240216
Convert -70458 (base 14) to base 13.
-95a3b
What is -45440 (base 12) in base 15?
-1c4c3
357c98 (base 13) to base 16
137168
-10131132321 (base 4) to base 2
-100011101011110111001
What is -8b639 (base 13) in base 4?
-331330111
a0113 (base 13) to base 8
1056143
What is 14340005 (base 6) in base 16?
78de5
-a612 (base 13) to base 8
-54727
What is 3454106 (base 7) in base 10?
433607
Convert 10210311223 (base 4) to base 15.
18a5e7
3241645 (base 7) to base 12
171797
Convert 11204422422 (base 5) to base 8.
57763544
What is 26257336 (base 8) in base 10?
5856990
What is 530342 (base 8) in base 6?
3440242
Convert -223b587 (base 12) to base 16.
-63f877
What is -22652cb (base 14) in base 11?
-9278191
1564abc (base 13) to base 9
13823341
-3066343 (base 7) to base 16
-5a3b5
What is 1012343244 (base 5) in base 6?
112245400
What is 10122232023 (base 4) in base 6?
40453123
Convert -22ddd (base 15) to base 14.
-2c701
-272312 (base 10) to base 4
-1002132320
Convert -25024a (base 11) to base 15.
-7c338
What is 12231305 (base 6) in base 3?
201222010012
Convert -1312221132 (base 4) to base 9.
-820570
Convert 259844 (base 11) to base 6.
12430142
What is -134302420 (base 5) in base 4?
-2222032103
Convert 10220212120201 (base 3) to base 13.
57c6a6
-7a1669 (base 11) to base 10
-1275899
What is 100001011110111110 (base 2) in base 8?
413676
Convert 1101001000011111 (base 2) to base 8.
151037
-1324431430 (base 5) to base 10
-3358365
Convert 111111100011111010010 (base 2) to base 6.
112350242
What is 86b20 (base 13) in base 10?
243555
What is 10a843 (base 12) in base 8?
1012063
Convert 344869 (base 11) to base 14.
103a4c
Convert -10212221121 (base 3) to base 6.
-1350111
Convert -a4585 (base 13) to base 11.
-1919a2
Convert -ba2566 (base 16) to base 13.
-26b1905
Convert 45019 (base 13) to base 7.
1031110
Convert 724a50 (base 13) to base 11.
15615a8
Convert 2338575 (base 10) to base 13.
63b595
What is 3496640 (base 10) in base 7?
41502200
Convert 246665 (base 9) to base 3.
21120202012
Convert -59242 (base 12) to base 6.
-2321322
Convert 112000302 (base 4) to base 13.
32067
What is 101110010101110101 (base 2) in base 6?
4022433
Convert 1221021211001 (base 3) to base 7.
11514424
Convert -4403a (base 11) to base 6.
-1211551
Convert -2052494 (base 10) to base 8.
-7650616
What is -72da00 (base 14) in base 13?
-a5a906
What is -310131100 (base 4) in base 14?
-58436
Convert -132123011032 (base 4) to base 12.
-280737a
1459258 (base 10) to base 3
22020102011